{"id":13,"date":"2025-06-12T10:58:42","date_gmt":"2025-06-12T08:58:42","guid":{"rendered":"https:\/\/hp-sport.de\/?page_id=13"},"modified":"2025-06-12T10:58:42","modified_gmt":"2025-06-12T08:58:42","slug":"impressum","status":"publish","type":"page","link":"https:\/\/hp-sport.de\/?page_id=13","title":{"rendered":"Impressum"},"content":{"rendered":"\n<p class=\"is-style-text-subtitle has-small-font-size is-style-text-subtitle--1\">Angaben gem\u00e4\u00df \u00a7 5 DDG:<\/p>\n\n\n\n<p class=\"has-medium-font-size\">HP-SPORT &#8211; Philipp Pongratz<br>Hauser Str. 47<br>93444 Bad K\u00f6tzting<br>Deutschland<\/p>\n\n\n\n<h2 class=\"wp-block-heading is-style-default has-large-font-size\"><strong>Kontakt<\/strong>:<\/h2>\n\n\n\n<p>Telefon:  09941 90260<br>Telefax:  09941 90261<br>E-Mail:   info@hp-sport.de<\/p>\n\n\n\n<h2 class=\"wp-block-heading is-style-default has-large-font-size\"><strong>Umsatzsteuer-ID:<\/strong><\/h2>\n\n\n\n<p class=\"has-medium-font-size\">Umsatzsteuer-Identifikationsnummer gem\u00e4\u00df \u00a727 a Umsatzsteuergesetz:<br>DE 269233921<\/p>\n\n\n\n<p class=\"has-medium-font-size\">Online-Streitbeilegung gem\u00e4\u00df Art. 14 Abs. 1 ODR-VO: Die Europ\u00e4ische Kommission stellt eine Plattform zur Online-Streitbeilegung (OS) bereit, die Sie unter&nbsp;<a href=\"http:\/\/ec.europa.eu\/consumers\/odr\/\" target=\"_blank\" rel=\"noreferrer noopener\">http:\/\/ec.europa.eu\/consumers\/odr\/<\/a>&nbsp;finden.<\/p>\n\n\n\n<p><\/p>\n","protected":false},"excerpt":{"rendered":"<p>Angaben gem\u00e4\u00df \u00a7 5 DDG: HP-SPORT &#8211; Philipp PongratzHauser Str. 4793444 Bad K\u00f6tztingDeutschland Kontakt: Telefon: 09941 90260Telefax: 09941 90261E-Mail: info@hp-sport.de Umsatzsteuer-ID: Umsatzsteuer-Identifikationsnummer gem\u00e4\u00df \u00a727 a Umsatzsteuergesetz:DE 269233921 Online-Streitbeilegung gem\u00e4\u00df Art. 14 Abs. 1 ODR-VO: Die Europ\u00e4ische Kommission stellt eine Plattform zur Online-Streitbeilegung (OS) bereit, die Sie unter&nbsp;http:\/\/ec.europa.eu\/consumers\/odr\/&nbsp;finden.<\/p>\n","protected":false},"author":1,"featured_media":0,"parent":0,"menu_order":0,"comment_status":"closed","ping_status":"closed","template":"","meta":{"footnotes":""},"class_list":["post-13","page","type-page","status-publish","hentry"],"_links":{"self":[{"href":"https:\/\/hp-sport.de\/index.php?rest_route=\/wp\/v2\/pages\/13","targetHints":{"allow":["GET"]}}],"collection":[{"href":"https:\/\/hp-sport.de\/index.php?rest_route=\/wp\/v2\/pages"}],"about":[{"href":"https:\/\/hp-sport.de\/index.php?rest_route=\/wp\/v2\/types\/page"}],"author":[{"embeddable":true,"href":"https:\/\/hp-sport.de\/index.php?rest_route=\/wp\/v2\/users\/1"}],"replies":[{"embeddable":true,"href":"https:\/\/hp-sport.de\/index.php?rest_route=%2Fwp%2Fv2%2Fcomments&post=13"}],"version-history":[{"count":1,"href":"https:\/\/hp-sport.de\/index.php?rest_route=\/wp\/v2\/pages\/13\/revisions"}],"predecessor-version":[{"id":14,"href":"https:\/\/hp-sport.de\/index.php?rest_route=\/wp\/v2\/pages\/13\/revisions\/14"}],"wp:attachment":[{"href":"https:\/\/hp-sport.de\/index.php?rest_route=%2Fwp%2Fv2%2Fmedia&parent=13"}],"curies":[{"name":"wp","href":"https:\/\/api.w.org\/{rel}","templated":true}]}}